{"id":172,"date":"2024-11-29T23:39:46","date_gmt":"2024-11-29T22:39:46","guid":{"rendered":"https:\/\/couraud17.com\/?page_id=172"},"modified":"2025-03-13T12:30:11","modified_gmt":"2025-03-13T11:30:11","slug":"home","status":"publish","type":"page","link":"https:\/\/couraud17.com\/","title":{"rendered":"Home"},"content":{"rendered":"<p>Bienvenue sur le site internet de la soci\u00e9t\u00e9 1PILOTE &#8211; Sp\u00e9cialis\u00e9 dans l&#8217;ing\u00e9nierie s\u00e9curit\u00e9 et environnement d\u00e9di\u00e9e aux entreprises et aux collectivit\u00e9s<\/p>","protected":false},"excerpt":{"rendered":"<p>Bienvenue sur le site internet de la soci\u00e9t\u00e9 1PILOTE &#8211; Sp\u00e9cialis\u00e9 dans l&#8217;ing\u00e9nierie s\u00e9curit\u00e9 et environnement d\u00e9di\u00e9e aux entreprises et aux collectivit\u00e9s<\/p>\n","protected":false},"author":1,"featured_media":0,"parent":0,"menu_order":0,"comment_status":"closed","ping_status":"closed","template":"","meta":{"footnotes":""},"class_list":["post-172","page","type-page","status-publish","hentry"],"jetpack_sharing_enabled":true,"_links":{"self":[{"href":"https:\/\/couraud17.com\/index.php\/wp-json\/wp\/v2\/pages\/172","targetHints":{"allow":["GET"]}}],"collection":[{"href":"https:\/\/couraud17.com\/index.php\/wp-json\/wp\/v2\/pages"}],"about":[{"href":"https:\/\/couraud17.com\/index.php\/wp-json\/wp\/v2\/types\/page"}],"author":[{"embeddable":true,"href":"https:\/\/couraud17.com\/index.php\/wp-json\/wp\/v2\/users\/1"}],"replies":[{"embeddable":true,"href":"https:\/\/couraud17.com\/index.php\/wp-json\/wp\/v2\/comments?post=172"}],"version-history":[{"count":4,"href":"https:\/\/couraud17.com\/index.php\/wp-json\/wp\/v2\/pages\/172\/revisions"}],"predecessor-version":[{"id":395,"href":"https:\/\/couraud17.com\/index.php\/wp-json\/wp\/v2\/pages\/172\/revisions\/395"}],"wp:attachment":[{"href":"https:\/\/couraud17.com\/index.php\/wp-json\/wp\/v2\/media?parent=172"}],"curies":[{"name":"wp","href":"https:\/\/api.w.org\/{rel}","templated":true}]}}